300. What is the thousands digit of x?
9
Let u(t) = -3*t**2 + 10*t. Let l be u(4). Let p(r) = 2*r**2 + 13*r - 21. Let f be p(l). Suppose f*j - 334 = 338. What is the units digit of j?
4
Suppose 0 = -123*t + 1149177 - 19791. What is the hundreds digit of t?
1
What is the thousands digit of (5311/(-2))/(((-2)/(-2))/(-10))?
6
Let f(d) = d**3 + 5*d**2 - 4*d + 17. Let l be f(-6). Suppose b = -4*n + 126, b - l*n = -n + 110. What is the tens digit of b?
1
Suppose -2 - 678 = -5*y. Suppose y*v = 129*v + 5544. What is the tens digit of v?
9
Let l = 47781 + -20584. Suppose -14*o = -l + 4559. What is the hundreds digit of o?
6
Let l(t) = 27*t**3 + t**2 - 4*t + 1. Let s be l(-2). Suppose -5*m = 3*w + 1092, -4*w - 2036 = 2*m - 580. Let x = s - w. What is the hundreds digit of x?
1
Suppose 56*g - 111*g = -31*g - 106728. What is the thousands digit of g?
4
Suppose m - 2*y = 33 - 43, -5*y = 4*m - 25. Suppose m = -t - 5 + 262. What is the hundreds digit of t?
2
Let g(z) = 131*z - 15. Let m be g(3). Let k = 72 + -72. Suppose k = -y + 8*y - m. What is the tens digit of y?
5
Let s(v) = -484*v + 2994. What is the tens digit of s(-11)?
1
Suppose -8*f = -22*f + 84. Let h(p) = 123 - p + 9*p - 51 + 11*p. What is the tens digit of h(f)?
8
Let f = -112 - -120. What is the hundreds digit of -2939*(-2)/f - 4/(-16)?
7
Let j be (-24 - -136) + (-3 - -1)/(-2). Let q be (-141)/(-6)*2 - 2. Suppose 2*p - 3*p + 3*c + q = 0, 0 = -3*p - 2*c + j. What is the tens digit of p?
3
Let u(p) = -p**3 + 2*p**2 + 24*p + 5. Let g be u(6). Suppose -5*w + g*h = -1930, -h = -3*w + 1610 - 454. What is the tens digit of w?
8
Let z be (3 - (2 - 4)) + -2205. Let j = 3478 + z. What is the tens digit of j?
7
Let z be (-5)/(5 - 4) - -9. Suppose 5*a - 871 = -z*t, -901 = -26*t + 22*t + a. What is the tens digit of t?
2
Suppose 0 = 5495*q - 5477*q - 170964. What is the tens digit of q?
9
Let z(g) = 4*g - 33. Let o be z(10). Let v(r) = 3*r**2 - 18*r + 9. Let l be v(o). Let a = 46 - l. What is the units digit of a?
6
Let b(u) = u**2 + 66*u + 987. What is the units digit of b(-52)?
9
Let k(l) = l - 16. Let p be k(17). What is the hundreds digit of 3/p - (-222 + -21)?
2
Let y be (-7)/(-2*(-3)/6). Let o be (-6 + 3 + y)/(-2). Suppose h + o*u = -4*h + 95, -3*u = 4*h - 78. What is the units digit of h?
1
Suppose -5*z = 4*j - 7, 6*j - 8*j = 2*z - 2. Suppose z*i - i - 580 = 0. What is the tens digit of i?
9
Suppose -3173 = -3*g + 4*c, g = 2*c - 215 + 1274. Suppose -3*j = a - 217, -a = 4*a + 5*j - g. Suppose a = 4*i - 124. What is the units digit of i?
3
Let j = 416 - 412. Suppose 5*x = 3*y - 0*y - 2003, 5*y + j*x - 3363 = 0. What is the hundreds digit of y?
6
Let x(p) = -6*p**2 - 515*p + 149. What is the tens digit of x(-81)?
9
Suppose -3*x + 5*h - 563 = 0, 2*x - 3*h - 21 = -398. Let l be 3 - (-127)/(5/(15/(-1))) - -5. Let f = x - l. What is the units digit of f?
7
Suppose -3*l + 171 = -3*i, -10*i = 3*l - 5*i - 179. What is the units digit of ((-54)/48*l)/((-1)/4)?
1
Suppose 18915 = 5*a + 5*q, -11309 = -8*a + 5*a + 5*q. Suppose 23*y - 224 = a. What is the units digit of y?
4
Let g(p) = -128*p - 16. Let t be g(-3). Let o = t + 273. What is the tens digit of o?
4
Let y be (14/60 - 4/(-24))*5. Suppose 931 = -y*s + 9*s. Let p = s + -37. What is the tens digit of p?
9
Let b(q) = 8*q - 10. Let a be b(8). Let n be 20/(-50) - a/(-10). What is the units digit of 319/n + 2 + 6/30?
6
Suppose 0 = -d - 5*x - 1894, 0 = 3*d - 2*x - 1428 + 7110. Let g = -695 - d. What is the hundreds digit of g?
1
Let m = -126 - -151. Suppose -5*w = -m*w + 10780. What is the hundreds digit of w?
5
Suppose 5*s - 10725 = 5*f, 4*f - 2762 = -2*s + 1534. Let w = -1453 + s. What is the units digit of w?
3
Let y = 35 - -80. Suppose 110*x + 1650 = y*x. What is the tens digit of x?
3
Let o be ((348/(-290))/(4/(-470)))/1. Let p(n) = -17*n + 1. Let b be p(-6). Let t = o - b. What is the tens digit of t?
3
Suppose 5686272 = 216*l - 24*l. What is the ten thousands digit of l?
2
Suppose 118*r - 120*r - b + 46623 = 0, 0 = 4*r - 5*b - 93295. What is the ten thousands digit of r?
2
Let k(y) = 4*y**3 + y - 2. Let f = 0 - -1. Let a be k(f). Suppose 0*r - a*r = -99. What is the units digit of r?
3
Suppose 0 = -4*o + 4, -5*o + 4765 = 5*v + 160. Suppose -4*s = -d + v + 15, -5*s - 932 = -d. What is the hundreds digit of d?
9
Suppose 2*g - i - 12 - 44 = 0, 16 = 4*i. Let r(n) = -18*n**2 + 3*n - g*n**2 + n + 55*n**2 - 17. What is the tens digit of r(4)?
1
What is the thousands digit of (-313824)/(-80)*100/15 - -4?
6
Let u(r) = -55*r - 3. Let j be u(-3). Suppose 31*x + 2*b = 30*x - 22, -b - 38 = 2*x. What is the tens digit of 36/j + (-860)/x?
4
Let j(g) = 63*g + 74. Let l be j(-7). Let q = 583 + l. What is the hundreds digit of q?
2
Suppose 0 = -4*k + 2*c + 34 - 2, -c = 0. Suppose 7*l - 11*l = -k. Suppose -40 = -5*f + 5*g, -g + l = 3*f - 2*f. What is the units digit of f?
5
What is the ten thousands digit of 7432456/172 + (-46)/(-989)?
4
Let f(y) = 2382*y**2 - 83*y - 85. What is the thousands digit of f(-1)?
2
Let m be -4 + (-1 + -6)*-1. Suppose 374 = -3*w + 2*h, m*w + 15 = -3*h - 384. Let z = w + 193. What is the tens digit of z?
6
Suppose -25 = -4*q - 9, -3*q = -2*r - 292. Let g = r - -155. What is the units digit of g?
5
What is the ten thousands digit of (-11672193)/(-936)*3 + ((-15)/8 - -2)?
3
Suppose 2*t + 2*z = 120, -2*z + 285 = 7*t - 2*t. What is the units digit of t/(-35) + 1 + (-21688)/(-28)?
4
Let u(o) be the second derivative of 230*o**3/3 + 6*o**2 + o - 13. What is the tens digit of u(1)?
7
Let v be 70538 - (4 + 3*12/18). Suppose 348 = 40*i - v. What is the units digit of i?
2
What is the ten thousands digit of 94298/2 - (-1403)/61?
4
Let f(d) = 302*d**2 + d + 2. Suppose 29*z - 13 = 42*z. What is the hundreds digit of f(z)?
3
Let k be ((-5)/(-2))/((-10)/(-20)). Let g(z) = 201*z - 2. Let u(f) = -100*f + 1. Let v(l) = k*u(l) + 2*g(l). What is the tens digit of v(-1)?
9
Let v be (-279)/21 + 1 - 2/(-7). Let k be (4/(-12))/(-1 + v/(-9)). What is the tens digit of (((-1220)/8)/(-5))/(k/(-2))?
6
Let j be -2*(-4)/(40/495). Let g = j + -182. What is the units digit of ((-12)/(-4) - g) + 4?
0
Let c be 4 + (-195)/21 - (-6)/21. What is the tens digit of (-1 - c) + (-1440)/(-4)?
6
Let u be (-8)/(-5 - (-6 - -3)). Suppose 3*f = u*o - 498, o + f + 32 = 160. What is the units digit of o?
6
Suppose 2*l = 16 - 10. Suppose 4*f = -2*h + 15 + l, 0 = h - 5. Suppose -f*o + 175 = -5*a, -5*o + 0*a + 4*a = -446. What is the units digit of o?
0
Suppose 166*n = 215*n - 160132. What is the units digit of n?
8
Suppose 4*j - 6*j + 9 = -f, -2*j + 5*f = -21. Suppose 4*z - 219 = 4*a + 1841, 4*z - j*a - 2061 = 0. What is the units digit of z?
6
Let p be 16 + -7 + (8 - 0). Let i(b) = -b**3 + 19*b**2 + 18*b - 6. What is the tens digit of i(p)?
7
Let c be (5 - 14/2) + -4. Let y = c + 160. What is the units digit of y?
4
Suppose -5*m + 2*m - 4*n = -43, -58 = -4*m - 5*n. Suppose 1 = -3*j - 5*o + m, 4*j = 3*o + 2. What is the units digit of (j*1)/(2/(-28)*-7)?
4
Suppose -3*n + 46 = -2*n + 5*v, 0 = -5*n - 5*v + 150. Suppose -4*o + 61 = 5*x, -3*o + n = 5*x - 31. Suppose -380 = -14*q + x*q. What is the tens digit of q?
7
Suppose -76*j + 35678 = 29*j - 1775257. What is the hundreds digit of j?
2
Let d(n) = -n**3 + 119*n**2 - 249*n + 837. What is the ten thousands digit of d(115)?
2
Let u be -1 - 2*(5/2 - 1). Let w be ((-8)/(-3) - u)/((-4)/(-222)). What is the tens digit of (3/(-2))/(((-10)/2)/w)?
1
Let z(n) = n**2 + 3. Let r be z(0). Let c be (-764)/(-12) + 2 + 1/r. Suppose c = 2*b - 148. What is the units digit of b?
7
Suppose 31*n - 794716 - 1166114 = -59*n. What is the tens digit of n?
8
Let j = 5 - 588. Let v = -237 - j. What is the units digit of v?
6
Suppose 3*g + 4*j - 16 = 5, -4*g = -2*j - 50. Let t(a) = 2*a + 3*a + 10*a - 9*a + g. What is the units digit of t(17)?
3
Let u(s) = 3*s**2 - 22*s + 14. Let l be (-23)/(-92) + 55/4. Let p be u(l). Suppose -p = -5*k + 186. What is the tens digit of k?
9
Suppose -t - o + 2289 = 0, 2*t + 4*o + 4584 = 4*t. Suppose -28*s + t = -23*s. What is the units digit of s?
8
Let k(v) = 3*v**2 - 3*v - 8. Let t be ((-4)/(-5))/((-13)/(-65)). Let u be k(t). Suppose 6*p - 26 = u. What is the units digit of p?
9
Let w be 40/12 + 12/18. Let k be (184/10)/w - (-2)/5. Suppos